 digit of x?
1
Let p = 34 - 12. What is the units digit of p?
2
Let j(z) = -z**2 - 10*z + 5. Let g be j(-5). Let v be (-1)/(-5) - 66/g. Let h = v + 8. What is the units digit of h?
6
Let x(p) = -41*p + 23. What is the tens digit of x(-4)?
8
Let l be (-3 + -2)*(-124)/10. What is the units digit of l/5 - (-16)/(-40)?
2
Suppose 4*j - 525 = -5*r, r + 4*r - 4*j - 525 = 0. What is the hundreds digit of r?
1
Let q(n) = n**3 - 7*n**2 - n + 8. Let f be q(7). Let h = 1 + f. Suppose -x = -4*g + h, g - 14 = -x - 3*g. What is the units digit of x?
6
Let u = -6 - -8. What is the units digit of u + 0 + (-3 - -8)?
7
Suppose 0 = -2*k + h - 2*h + 83, 0 = 3*k + 3*h - 126. What is the tens digit of k?
4
Let u(m) = -m + 43. What is the tens digit of u(22)?
2
Suppose -g + 3*r - 2 = 1, 0 = 4*g + 4*r + 28. Let j(q) = -q + 2*q**3 + 2*q**3 - 6*q**2 - 5*q**3 - 1. What is the units digit of j(g)?
5
Suppose -4*a + 7 - 3 = -4*v, 10 = -5*v. What is the units digit of (-3)/a + 2/1?
5
Suppose -5*u = -g - g - 43, g + 39 = 5*u. What is the units digit of u?
7
Let s(o) = -o**3 + 6*o**2 - 5*o + 3. Let a be s(5). Suppose r - 15 = -3*j, a*r = -3*j + 38 + 19. What is the units digit of r?
1
Let k(i) = i - 4. Let n(d) = 1. Let w(h) = -k(h) + 2*n(h). What is the tens digit of w(-5)?
1
Suppose s - v = 16, 104 = 4*s + 5*v - v. What is the tens digit of s?
2
Let y(q) = -q**2 + 7*q - 4. Let j be y(6). Let l be (-4 - (-1 + j))/1. What is the units digit of l*1*(-1)/5?
1
Let g be 8*(-1 + 2 + 1). Suppose t + g = -3*t. Let y = 5 + t. What is the units digit of y?
1
Let y(b) = b**2 + b - 1. Let c be -2*1/(2/1). Let x(o) = -4*o**2 + 6*o - 6. Let d(r) = c*x(r) + 6*y(r). What is the tens digit of d(1)?
1
Suppose -t + 2*t - 3*u + 17 = 0, t - 4*u + 20 = 0. What is the units digit of (36/(-16))/(3/t)?
6
Suppose p + 0*q + 4*q = -22, -3*q = 5*p + 42. Let v = p + 22. What is the units digit of v?
6
Let j be 13/(-3) - (-1)/3. What is the units digit of (-16)/20*10/j?
2
Let v(j) = j**3 + 3*j**2 - 3*j + 2. Let t be v(-3). Suppose -2*a + 21 = a. Let o = t - a. What is the units digit of o?
4
Let s(w) = 4*w. What is the units digit of s(1)?
4
Let p(z) = -z**3 - 7*z**2 - 7*z - 1. What is the units digit of p(-7)?
8
Let w(u) be the third derivative of 0 - 4*u**2 + 0*u + 2*u**3 + 5/12*u**4 + 1/60*u**5. What is the tens digit of w(-10)?
1
Let z = 13 + -2. What is the tens digit of z?
1
What is the tens digit of (25 - -13)*(-1)/(-2)?
1
Let b = -24 + 52. What is the tens digit of b?
2
Let p(u) = -2*u**3 - 7*u**2 + 8*u - 4. What is the tens digit of p(-6)?
2
Suppose -b - 3*j = -27, -3*b - 3*j + 87 = -0*j. What is the units digit of b?
0
Suppose -3*g - 14 = -4*b, 0 = -2*b - 0*b + 4. What is the units digit of g - (2 - 4) - -13?
3
Let g(d) = d**2 + d - 3. What is the units digit of g(3)?
9
Let k = 0 - -10. What is the units digit of k?
0
Let z = -47 - -78. Let a = -8 + z. What is the tens digit of a?
2
Let g be (24/(-20))/(3/(-15)). Suppose -3 = 2*k - 3*k. Suppose q = -h - q + g, -16 = -5*h - k*q. What is the units digit of h?
2
Let i = -5 + 6. Let k(x) = 6*x - 1. Let n be k(i). Suppose -59 = -n*c - 2*w, 0*w + 3*w = 6. What is the units digit of c?
1
Suppose 1 = -2*l + l. Let a(i) = -25*i - 1. What is the tens digit of a(l)?
2
Let f = 8 - -1. Let j = f + -4. Suppose -6 = 4*b + j*p, b + 2*p = -3*p - 9. What is the units digit of b?
1
Let w be ((-1)/4 - -2)*-8. Let q = 28 + w. What is the units digit of q?
4
Let j be (-2)/4*1*-4. Suppose -18 + 6 = -j*u. What is the units digit of u?
6
Suppose 5*d + 4*p = 19, -4*d = 2*p - 18 + 4. Let r(a) = -a**3 + a. Let x be r(1). Suppose x = -d*b + 11 + 13. What is the units digit of b?
8
Let o be 18/4*(-2)/(-3). Let w be o*2/3 - -12. Suppose -4*p + 9*p - m - 35 = 0, 2*m - w = -4*p. What is the units digit of p?
6
Suppose -11*j + 13*j = 60. What is the tens digit of j?
3
Let a(i) = 2*i - i + 0*i**2 - 3*i**2 + i**3 - 2*i**2 - 2. Let f be a(5). Let k = 0 + f. What is the units digit of k?
3
Suppose 2 = -d + 3*r - 3, -4 = -2*r. Let s = d + 3. Suppose -k + s*k + 2*z = 61, k - 27 = -4*z. What is the units digit of k?
9
Suppose 2*y + r = 4, 0 = -4*y + 2*r + 2*r + 20. Suppose -5*q = -y*f + 53, -q - 50 = -3*f + q. What is the tens digit of f?
1
Let p be (28/(-6))/(6/(-9)). Let t(y) = -y**3 + 6*y**2 + 8*y + 4. What is the tens digit of t(p)?
1
Suppose p + 5*k - 5 = 9*k, p + 3*k + 2 = 0. Let a(s) = -s**2 - 1. Let r be a(p). What is the units digit of (r - -2*2) + 8?
0
Let j = -3 + 5. Suppose -8 = -j*s + t, -2*s = 5*t - 2*t. Suppose -s*x + 2 = -1. What is the units digit of x?
1
Let s(l) = l**2 + 1 - 4*l**2 - 3*l**2 - 2*l**2 + 13*l - l**3. Let b be s(-9). Let f = b - -52. What is the tens digit of f?
1
Let g(a) be the first derivative of -4*a**2 - 5*a + 3. What is the units digit of g(-4)?
7
Suppose -5*w = r - 17 - 12, 3 = 3*w - 3*r. Suppose -74 + 9 = -w*b. What is the units digit of b?
3
Let u = -31 + 19. Let i = u - -25. What is the units digit of i?
3
Let z = 4 + -2. What is the tens digit of 10 - (z - 0 - 2)?
1
Suppose 3*x = -p - 7, 3*x - 4*p = -0*p - 2. What is the units digit of (-2 + x)*14/(-8)?
7
Let n(o) be the second derivative of -o**3/2 - o**2/2 + 3*o. Let r be n(2). Let v = r + 12. What is the units digit of v?
5
Let b(x) = 2*x**3 - 9*x**2 + 10*x + 3. What is the tens digit of b(5)?
7
Let o = -41 + 171. Suppose 2*a = -5*w + 144, a + 4*a + o = 5*w. Suppose -w = -f - 3*f. What is the units digit of f?
7
Let h(l) = l**2 - 7*l - 24. What is the units digit of h(10)?
6
What is the units digit of (641/(-5))/(-1) + (-44)/(-55)?
9
Suppose -z - 44 = 3*z - 4*p, -z - 13 = -3*p. Let r = -8 + -8. Let l = z - r. What is the units digit of l?
6
Suppose s = 4*z - 2 - 9, -5*z + 55 = -4*s. Let t(n) = -n - 3. Let u be t(6). Let a = u - s. What is the units digit of a?
6
Suppose -p + 17 = -x, -p + 2*x = -0*p - 14. What is the tens digit of p?
2
Suppose 6*f - 21 = -f. Let j(x) be the second derivative of -x**5/20 + 5*x**4/12 - 2*x**3/3 + 2*x**2 - x. What is the units digit of j(f)?
0
Suppose 5*b - 295 = 5*n, 3*b + 0*n = 5*n + 175. What is the units digit of b?
0
Suppose 3*i - 7 - 2 = 0. Suppose i*r = r - 12. What is the units digit of 3*-4*1/r?
2
Suppose 0*p + 10 = 2*j + 4*p, 4*j + 35 = 3*p. Let c = -4 - j. What is the units digit of c?
1
Let b be ((-2)/(-4))/(3/72). Let c = 15 + -10. Suppose -4*o - b = 0, -o - 64 = -c*z + 2*o. What is the units digit of z?
1
Let i(u) = u**2 + 5*u + 10. What is the tens digit of i(-9)?
4
Suppose -5*r + 85 + 50 = 0. Suppose -3*l = -l - 12. Suppose -5*n + 0*n + r = j, -2*j + l = -2*n. What is the units digit of j?
7
Let b(t) = -t**3 + 4*t**2 + 6*t - 3. Let w(a) = a**2 + 2*a + 2. Let y = 5 + -8. Let g be w(y). What is the units digit of b(g)?
2
Suppose -m = 3*m + g - 153, -4*m + g + 151 = 0. What is the units digit of m?
8
Let d(t) = t**3 - 5*t**2 + 5*t - 8. Let z be d(8). Suppose 3*p = -5*p + z. What is the units digit of p?
8
Suppose 2*h + 2*h + 12 = 0. What is the units digit of -2 - (30 - 0)/h?
8
Let j = 7 - -65. What is the units digit of j?
2
Let z(m) = m**3 - 3*m**2 - 3*m - 5. Let s be z(4). Let r = s + 3. What is the units digit of -18*r*(-1)/2?
8
What is the units digit of 1194/14 - 8/28?
5
Suppose -5*z + 26 + 44 = 0. What is the units digit of z?
4
Suppose 0 = -3*h - 5 + 2. Let d(i) = -12*i - 1. Let n be d(h). Suppose -n = -r - 5. What is the units digit of r?
6
Suppose 0 = l - 3 - 2. Suppose -4*u - l*y = -37, -5*y + 25 = -0*y. Suppose 0 = 2*o + u*q - 19, 0*q + 5*q - 37 = -4*o. What is the units digit of o?
8
Suppose -3*u - 2*m - 18 = 0, 4*u + 5 = 3*m - 19. Suppose -20*f + 24*f - 112 = 0. What is the units digit of f*(-2 - 15/u)?
4
Suppose 3*y - 479 = -5*v, 3*y + 4*v - v - 489 = 0. What is the units digit of y?
8
Suppose -3*k + 2*t + 249 = 0, 332 = -2*k + 6*k + 3*t. Suppose k - 35 = 2*o. What is the units digit of o?
4
Let q(k) = 2*k**2 + 3*k + 4. Let h be q(-5). Let u = -21 + h. What is the units digit of u?
8
Let h(i) = -3*i + 32. What is the tens digit of h(-8)?
5
Let w be (-4)/(-20) - (-104)/5. Let l = w - 3. What is the units digit of l?
8
Suppose -5*d + 3 + 22 = 0. Suppose -t - d = -r, 2*t = 4*r + 5*t - 20. What is the units digit of r?
5
Let a(d) = 51*d - 108. What is the hundreds digit of a(6)?
1
Let z(o) = -o**2 - o + 2. Let y be z(0). Suppose 3*v